{"id":5537,"date":"2023-08-21T20:14:48","date_gmt":"2023-08-21T17:14:48","guid":{"rendered":"https:\/\/magmasanat.com\/?page_id=5537"},"modified":"2023-08-22T12:48:06","modified_gmt":"2023-08-22T09:48:06","slug":"kisisel-sergi-yapma","status":"publish","type":"page","link":"https:\/\/magmasanat.com\/index.php\/kisisel-sergi-yapma\/","title":{"rendered":"Ki\u015fisel Sergi Yapmak"},"content":{"rendered":"\t\t<div data-elementor-type=\"wp-post\" data-elementor-id=\"5537\" class=\"elementor elementor-5537\" data-elementor-post-type=\"page\">\n\t\t\t\t\t\t<section class=\"elementor-section elementor-top-section elementor-element elementor-element-bd53732 elementor-section-full_width elementor-section-height-default elementor-section-height-default\" data-id=\"bd53732\" data-element_type=\"section\" data-settings=\"{&quot;background_background&quot;:&quot;classic&quot;}\">\n\t\t\t\t\t\t<div class=\"elementor-container elementor-column-gap-default\">\n\t\t\t\t\t<div class=\"elementor-column elementor-col-100 elementor-top-column elementor-element elementor-element-d5f31d1\" data-id=\"d5f31d1\" data-element_type=\"column\">\n\t\t\t<div class=\"elementor-widget-wrap elementor-element-populated\">\n\t\t\t\t\t\t<div class=\"elementor-element elementor-element-bfc2efa elementor-widget elementor-widget-ova_heading_page\" data-id=\"bfc2efa\" data-element_type=\"widget\" data-widget_type=\"ova_heading_page.default\">\n\t\t\t\t<div class=\"elementor-widget-container\">\n\t\t\t\n\t\t<section class=\"heading-page\" style=\"background-image: url(http:\/\/magmasanat.com\/wp-content\/uploads\/2023\/08\/banner_inner3-scaled.jpg)\" >\n\t\t\t<div class=\"container\">\n\t\t\t\t<div class=\"cta-content\">\n\t\t\t\t\t\t\t\t\t\t\t<h2 class=\"second_font\">Ki\u015fisel Sergi A\u00e7\u0131n<\/h2>\n\t\t\t\t\t\t\t\t\t\t\n\t\t\t\t<\/div>\n\t\t\t<\/div>\n\t\t<\/section>\n\n\t\t\t<\/div>\n\t\t\t\t<\/div>\n\t\t\t\t\t<\/div>\n\t\t<\/div>\n\t\t\t\t\t<\/div>\n\t\t<\/section>\n\t\t\t\t<section class=\"elementor-section elementor-top-section elementor-element elementor-element-d5e1d52 elementor-section-boxed elementor-section-height-default elementor-section-height-default\" data-id=\"d5e1d52\" data-element_type=\"section\">\n\t\t\t\t\t\t<div class=\"elementor-container elementor-column-gap-default\">\n\t\t\t\t\t<div class=\"elementor-column elementor-col-100 elementor-top-column elementor-element elementor-element-3212ae8\" data-id=\"3212ae8\" data-element_type=\"column\">\n\t\t\t<div class=\"elementor-widget-wrap elementor-element-populated\">\n\t\t\t\t\t\t<div class=\"elementor-element elementor-element-191997f elementor-widget elementor-widget-heading\" data-id=\"191997f\" data-element_type=\"widget\" data-widget_type=\"heading.default\">\n\t\t\t\t<div class=\"elementor-widget-container\">\n\t\t\t<style>\/*! elementor - v3.23.0 - 10-07-2024 *\/\n.elementor-heading-title{padding:0;margin:0;line-height:1}.elementor-widget-heading .elementor-heading-title[class*=elementor-size-]>a{color:inherit;font-size:inherit;line-height:inherit}.elementor-widget-heading .elementor-heading-title.elementor-size-small{font-size:15px}.elementor-widget-heading .elementor-heading-title.elementor-size-medium{font-size:19px}.elementor-widget-heading .elementor-heading-title.elementor-size-large{font-size:29px}.elementor-widget-heading .elementor-heading-title.elementor-size-xl{font-size:39px}.elementor-widget-heading .elementor-heading-title.elementor-size-xxl{font-size:59px}<\/style><h2 class=\"elementor-heading-title elementor-size-default\">\u0130nternet ortam\u0131nda size \u00f6zel <br>\u00e7evrim-i\u00e7i sanal serginizi <br>ger\u00e7ekle\u015ftiriyoruz.<\/h2>\t\t<\/div>\n\t\t\t\t<\/div>\n\t\t\t\t<div class=\"elementor-element elementor-element-3f2d105 line-height-32 elementor-widget elementor-widget-text-editor\" data-id=\"3f2d105\" data-element_type=\"widget\" data-widget_type=\"text-editor.default\">\n\t\t\t\t<div class=\"elementor-widget-container\">\n\t\t\t<style>\/*! elementor - v3.23.0 - 10-07-2024 *\/\n.elementor-widget-text-editor.elementor-drop-cap-view-stacked .elementor-drop-cap{background-color:#69727d;color:#fff}.elementor-widget-text-editor.elementor-drop-cap-view-framed .elementor-drop-cap{color:#69727d;border:3px solid;background-color:transparent}.elementor-widget-text-editor:not(.elementor-drop-cap-view-default) .elementor-drop-cap{margin-top:8px}.elementor-widget-text-editor:not(.elementor-drop-cap-view-default) .elementor-drop-cap-letter{width:1em;height:1em}.elementor-widget-text-editor .elementor-drop-cap{float:left;text-align:center;line-height:1;font-size:50px}.elementor-widget-text-editor .elementor-drop-cap-letter{display:inline-block}<\/style>\t\t\t\t<p>Ger\u00e7ekle\u015ftirmeyi planlad\u0131\u011f\u0131n\u0131z ki\u015fisel sergi etkinli\u011finizi internet ortam\u0131nda yay\u0131nlamak i\u00e7in do\u011fru yerdesiniz. Serginizin g\u00f6rsel planlamas\u0131n\u0131 ve i\u00e7eri\u011fine dair bilgileri taraf\u0131n\u0131zdan iletildi\u011finde belirlenen tarih aral\u0131\u011f\u0131nda serginiz yay\u0131nlanacakt\u0131r.<\/p><p>Dilerseniz sergi kapsam\u0131nda video i\u00e7erikleri, foto\u011fraflar ve farkl\u0131 dosya bi\u00e7imlerini de yay\u0131nlaman\u0131z m\u00fcmk\u00fcn.<\/p><p>Sergilemenin ger\u00e7ekle\u015fmesi ile birlikte sergi i\u00e7eri\u011fini kapsayan dijital katalo\u011funuz sayfan\u0131za eklenecektir.\u00a0<\/p><p>Ger\u00e7ekle\u015ftirmi\u015f oldu\u011funuz etkinlik ile ilgili s\u0131ra-say\u0131 numaras\u0131yla kay\u0131tl\u0131 ve k\u00fcrat\u00f6r imzal\u0131 &#8220;Sergileme Belgesi&#8221; olu\u015fturulacakt\u0131r.<\/p><p>Ayn\u0131 zamanda daha \u00f6nce ger\u00e7ekle\u015ftirmi\u015f oldu\u011funuz etkinleriniz var ise onlar\u0131 da internet \u00fczerinde kal\u0131c\u0131 ve g\u00f6r\u00fclebilir hale gelmesini sa\u011fl\u0131yoruz.<\/p><p>** Sistemimizde yay\u0131nlanan etkinlikleriniz daimi olarak g\u00f6r\u00fclebilir \u015fekilde muhafaza edilmektedir.<\/p>\t\t\t\t\t\t<\/div>\n\t\t\t\t<\/div>\n\t\t\t\t<div class=\"elementor-element elementor-element-9b5fb54 elementor-widget elementor-widget-text-editor\" data-id=\"9b5fb54\" data-element_type=\"widget\" data-widget_type=\"text-editor.default\">\n\t\t\t\t<div class=\"elementor-widget-container\">\n\t\t\t\t\t\t\t<p>Daha fazla bilgi ve etkinlikleriniz hakk\u0131nda g\u00f6r\u00fc\u015fmek i\u00e7in l\u00fctfen info@magmasanat.com adresine detayl\u0131 bir e-posta g\u00f6nderebilirsiniz.<\/p>\t\t\t\t\t\t<\/div>\n\t\t\t\t<\/div>\n\t\t\t\t\t<\/div>\n\t\t<\/div>\n\t\t\t\t\t<\/div>\n\t\t<\/section>\n\t\t\t\t<section class=\"elementor-section elementor-top-section elementor-element elementor-element-0db3a5e elementor-section-boxed elementor-section-height-default elementor-section-height-default\" data-id=\"0db3a5e\" data-element_type=\"section\">\n\t\t\t\t\t\t<div class=\"elementor-container elementor-column-gap-default\">\n\t\t\t\t\t<div class=\"elementor-column elementor-col-100 elementor-top-column elementor-element elementor-element-08c91df\" data-id=\"08c91df\" data-element_type=\"column\">\n\t\t\t<div class=\"elementor-widget-wrap elementor-element-populated\">\n\t\t\t\t\t\t<div class=\"elementor-element elementor-element-5b953a2 elementor-widget-divider--view-line elementor-widget elementor-widget-divider\" data-id=\"5b953a2\" data-element_type=\"widget\" data-widget_type=\"divider.default\">\n\t\t\t\t<div class=\"elementor-widget-container\">\n\t\t\t<style>\/*! elementor - v3.23.0 - 10-07-2024 *\/\n.elementor-widget-divider{--divider-border-style:none;--divider-border-width:1px;--divider-color:#0c0d0e;--divider-icon-size:20px;--divider-element-spacing:10px;--divider-pattern-height:24px;--divider-pattern-size:20px;--divider-pattern-url:none;--divider-pattern-repeat:repeat-x}.elementor-widget-divider .elementor-divider{display:flex}.elementor-widget-divider .elementor-divider__text{font-size:15px;line-height:1;max-width:95%}.elementor-widget-divider .elementor-divider__element{margin:0 var(--divider-element-spacing);flex-shrink:0}.elementor-widget-divider .elementor-icon{font-size:var(--divider-icon-size)}.elementor-widget-divider .elementor-divider-separator{display:flex;margin:0;direction:ltr}.elementor-widget-divider--view-line_icon .elementor-divider-separator,.elementor-widget-divider--view-line_text .elementor-divider-separator{align-items:center}.elementor-widget-divider--view-line_icon .elementor-divider-separator:after,.elementor-widget-divider--view-line_icon .elementor-divider-separator:before,.elementor-widget-divider--view-line_text .elementor-divider-separator:after,.elementor-widget-divider--view-line_text .elementor-divider-separator:before{display:block;content:\"\";border-block-end:0;flex-grow:1;border-block-start:var(--divider-border-width) var(--divider-border-style) var(--divider-color)}.elementor-widget-divider--element-align-left .elementor-divider .elementor-divider-separator>.elementor-divider__svg:first-of-type{flex-grow:0;flex-shrink:100}.elementor-widget-divider--element-align-left .elementor-divider-separator:before{content:none}.elementor-widget-divider--element-align-left .elementor-divider__element{margin-left:0}.elementor-widget-divider--element-align-right .elementor-divider .elementor-divider-separator>.elementor-divider__svg:last-of-type{flex-grow:0;flex-shrink:100}.elementor-widget-divider--element-align-right .elementor-divider-separator:after{content:none}.elementor-widget-divider--element-align-right .elementor-divider__element{margin-right:0}.elementor-widget-divider--element-align-start .elementor-divider .elementor-divider-separator>.elementor-divider__svg:first-of-type{flex-grow:0;flex-shrink:100}.elementor-widget-divider--element-align-start .elementor-divider-separator:before{content:none}.elementor-widget-divider--element-align-start .elementor-divider__element{margin-inline-start:0}.elementor-widget-divider--element-align-end .elementor-divider .elementor-divider-separator>.elementor-divider__svg:last-of-type{flex-grow:0;flex-shrink:100}.elementor-widget-divider--element-align-end .elementor-divider-separator:after{content:none}.elementor-widget-divider--element-align-end .elementor-divider__element{margin-inline-end:0}.elementor-widget-divider:not(.elementor-widget-divider--view-line_text):not(.elementor-widget-divider--view-line_icon) .elementor-divider-separator{border-block-start:var(--divider-border-width) var(--divider-border-style) var(--divider-color)}.elementor-widget-divider--separator-type-pattern{--divider-border-style:none}.elementor-widget-divider--separator-type-pattern.elementor-widget-divider--view-line .elementor-divider-separator,.elementor-widget-divider--separator-type-pattern:not(.elementor-widget-divider--view-line) .elementor-divider-separator:after,.elementor-widget-divider--separator-type-pattern:not(.elementor-widget-divider--view-line) .elementor-divider-separator:before,.elementor-widget-divider--separator-type-pattern:not([class*=elementor-widget-divider--view]) .elementor-divider-separator{width:100%;min-height:var(--divider-pattern-height);-webkit-mask-size:var(--divider-pattern-size) 100%;mask-size:var(--divider-pattern-size) 100%;-webkit-mask-repeat:var(--divider-pattern-repeat);mask-repeat:var(--divider-pattern-repeat);background-color:var(--divider-color);-webkit-mask-image:var(--divider-pattern-url);mask-image:var(--divider-pattern-url)}.elementor-widget-divider--no-spacing{--divider-pattern-size:auto}.elementor-widget-divider--bg-round{--divider-pattern-repeat:round}.rtl .elementor-widget-divider .elementor-divider__text{direction:rtl}.e-con-inner>.elementor-widget-divider,.e-con>.elementor-widget-divider{width:var(--container-widget-width,100%);--flex-grow:var(--container-widget-flex-grow)}<\/style>\t\t<div class=\"elementor-divider\">\n\t\t\t<span class=\"elementor-divider-separator\">\n\t\t\t\t\t\t<\/span>\n\t\t<\/div>\n\t\t\t\t<\/div>\n\t\t\t\t<\/div>\n\t\t\t\t<div class=\"elementor-element elementor-element-2bbc625 elementor-widget elementor-widget-heading\" data-id=\"2bbc625\" data-element_type=\"widget\" data-widget_type=\"heading.default\">\n\t\t\t\t<div class=\"elementor-widget-container\">\n\t\t\t<h2 class=\"elementor-heading-title elementor-size-default\">\u00d6zel Etkinlik Talebi<\/h2>\t\t<\/div>\n\t\t\t\t<\/div>\n\t\t\t\t<div class=\"elementor-element elementor-element-4ad6c6d elementor-widget elementor-widget-text-editor\" data-id=\"4ad6c6d\" data-element_type=\"widget\" data-widget_type=\"text-editor.default\">\n\t\t\t\t<div class=\"elementor-widget-container\">\n\t\t\t\t\t\t\t<p>Etkinliklerinizin planlamas\u0131 hakk\u0131nda bilgi almak i\u00e7in l\u00fctfen a\u015fa\u011f\u0131daki ba\u011flant\u0131dan bize ula\u015f\u0131n veya info@magmasanat.com adresine e-posta g\u00f6nderin.<\/p>\t\t\t\t\t\t<\/div>\n\t\t\t\t<\/div>\n\t\t\t\t<div class=\"elementor-element elementor-element-02d8fa8 elementor-align-center elementor-widget elementor-widget-button\" data-id=\"02d8fa8\" data-element_type=\"widget\" data-widget_type=\"button.default\">\n\t\t\t\t<div class=\"elementor-widget-container\">\n\t\t\t\t\t<div class=\"elementor-button-wrapper\">\n\t\t\t<a class=\"elementor-button elementor-button-link elementor-size-sm\" href=\"https:\/\/magmasanat.com\/index.php\/contact\/\">\n\t\t\t\t\t\t<span class=\"elementor-button-content-wrapper\">\n\t\t\t\t\t\t\t\t\t<span class=\"elementor-button-text\">Bize Ula\u015f\u0131n<\/span>\n\t\t\t\t\t<\/span>\n\t\t\t\t\t<\/a>\n\t\t<\/div>\n\t\t\t\t<\/div>\n\t\t\t\t<\/div>\n\t\t\t\t\t<\/div>\n\t\t<\/div>\n\t\t\t\t\t<\/div>\n\t\t<\/section>\n\t\t\t\t<\/div>\n\t\t","protected":false},"excerpt":{"rendered":"<p>Ki\u015fisel Sergi A\u00e7\u0131n \u0130nternet ortam\u0131nda size \u00f6zel \u00e7evrim-i\u00e7i sanal serginizi ger\u00e7ekle\u015ftiriyoruz. Ger\u00e7ekle\u015ftirmeyi planlad\u0131\u011f\u0131n\u0131z ki\u015fisel sergi etkinli\u011finizi internet ortam\u0131nda yay\u0131nlamak i\u00e7in do\u011fru yerdesiniz. Serginizin g\u00f6rsel planlamas\u0131n\u0131 ve i\u00e7eri\u011fine dair bilgileri taraf\u0131n\u0131zdan iletildi\u011finde belirlenen tarih aral\u0131\u011f\u0131nda serginiz yay\u0131nlanacakt\u0131r. Dilerseniz sergi kapsam\u0131nda video i\u00e7erikleri, foto\u011fraflar ve farkl\u0131 dosya bi\u00e7imlerini de yay\u0131nlaman\u0131z m\u00fcmk\u00fcn. Sergilemenin ger\u00e7ekle\u015fmesi ile birlikte sergi i\u00e7eri\u011fini [&hellip;]<\/p>\n","protected":false},"author":1,"featured_media":0,"parent":0,"menu_order":0,"comment_status":"closed","ping_status":"closed","template":"elementor_header_footer","meta":{"_eb_attr":"","om_disable_all_campaigns":false,"_uag_custom_page_level_css":"","_monsterinsights_skip_tracking":false,"_monsterinsights_sitenote_active":false,"_monsterinsights_sitenote_note":"","_monsterinsights_sitenote_category":0,"footnotes":""},"class_list":["post-5537","page","type-page","status-publish","hentry"],"aioseo_notices":[],"featured_image_src":false,"featured_image_src_square":false,"rbea_author_info":{"display_name":"magmasanat.com","author_link":"https:\/\/magmasanat.com\/index.php\/author\/magmasanat-com\/"},"rbea_excerpt_info":"Ki\u015fisel Sergi A\u00e7\u0131n \u0130nternet ortam\u0131nda size \u00f6zel \u00e7evrim-i\u00e7i sanal serginizi ger\u00e7ekle\u015ftiriyoruz. Ger\u00e7ekle\u015ftirmeyi planlad\u0131\u011f\u0131n\u0131z ki\u015fisel sergi etkinli\u011finizi internet ortam\u0131nda yay\u0131nlamak i\u00e7in do\u011fru yerdesiniz. Serginizin g\u00f6rsel planlamas\u0131n\u0131 ve i\u00e7eri\u011fine dair bilgileri taraf\u0131n\u0131zdan iletildi\u011finde belirlenen tarih aral\u0131\u011f\u0131nda serginiz yay\u0131nlanacakt\u0131r. Dilerseniz sergi kapsam\u0131nda video i\u00e7erikleri, foto\u011fraflar ve farkl\u0131 dosya bi\u00e7imlerini de yay\u0131nlaman\u0131z m\u00fcmk\u00fcn. Sergilemenin ger\u00e7ekle\u015fmesi ile birlikte sergi i\u00e7eri\u011fini [&hellip;]","uagb_featured_image_src":{"full":false,"thumbnail":false,"medium":false,"medium_large":false,"large":false,"1536x1536":false,"2048x2048":false,"woocommerce_thumbnail":false,"woocommerce_single":false,"woocommerce_gallery_thumbnail":false},"uagb_author_info":{"display_name":"magmasanat.com","author_link":"https:\/\/magmasanat.com\/index.php\/author\/magmasanat-com\/"},"uagb_comment_info":0,"uagb_excerpt":"Ki\u015fisel Sergi A\u00e7\u0131n \u0130nternet ortam\u0131nda size \u00f6zel \u00e7evrim-i\u00e7i sanal serginizi ger\u00e7ekle\u015ftiriyoruz. Ger\u00e7ekle\u015ftirmeyi planlad\u0131\u011f\u0131n\u0131z ki\u015fisel sergi etkinli\u011finizi internet ortam\u0131nda yay\u0131nlamak i\u00e7in do\u011fru yerdesiniz. Serginizin g\u00f6rsel planlamas\u0131n\u0131 ve i\u00e7eri\u011fine dair bilgileri taraf\u0131n\u0131zdan iletildi\u011finde belirlenen tarih aral\u0131\u011f\u0131nda serginiz yay\u0131nlanacakt\u0131r. Dilerseniz sergi kapsam\u0131nda video i\u00e7erikleri, foto\u011fraflar ve farkl\u0131 dosya bi\u00e7imlerini de yay\u0131nlaman\u0131z m\u00fcmk\u00fcn. Sergilemenin ger\u00e7ekle\u015fmesi ile birlikte sergi i\u00e7eri\u011fini&hellip;","_links":{"self":[{"href":"https:\/\/magmasanat.com\/index.php\/wp-json\/wp\/v2\/pages\/5537","targetHints":{"allow":["GET"]}}],"collection":[{"href":"https:\/\/magmasanat.com\/index.php\/wp-json\/wp\/v2\/pages"}],"about":[{"href":"https:\/\/magmasanat.com\/index.php\/wp-json\/wp\/v2\/types\/page"}],"author":[{"embeddable":true,"href":"https:\/\/magmasanat.com\/index.php\/wp-json\/wp\/v2\/users\/1"}],"replies":[{"embeddable":true,"href":"https:\/\/magmasanat.com\/index.php\/wp-json\/wp\/v2\/comments?post=5537"}],"version-history":[{"count":16,"href":"https:\/\/magmasanat.com\/index.php\/wp-json\/wp\/v2\/pages\/5537\/revisions"}],"predecessor-version":[{"id":5584,"href":"https:\/\/magmasanat.com\/index.php\/wp-json\/wp\/v2\/pages\/5537\/revisions\/5584"}],"wp:attachment":[{"href":"https:\/\/magmasanat.com\/index.php\/wp-json\/wp\/v2\/media?parent=5537"}],"curies":[{"name":"wp","href":"https:\/\/api.w.org\/{rel}","templated":true}]}}